{"id":125460,"date":"2023-05-19T06:52:55","date_gmt":"2023-05-19T06:52:55","guid":{"rendered":"https:\/\/lukuverkosto.fi\/home\/?page_id=125460"},"modified":"2023-05-23T12:42:19","modified_gmt":"2023-05-23T12:42:19","slug":"125460-2","status":"publish","type":"page","link":"https:\/\/lukuverkosto.fi\/home\/125460-2\/","title":{"rendered":"Rekry"},"content":{"rendered":"<p>[et_pb_section fb_built=&#8221;1&#8243; admin_label=&#8221;Hero&#8221; _builder_version=&#8221;4.16&#8243; background_image=&#8221;https:\/\/lukuverkosto.fi\/home\/wp-content\/uploads\/2020\/04\/circle-background-pattern.png&#8221; min_height=&#8221;297px&#8221; custom_margin=&#8221;||-185px|||&#8221; custom_padding=&#8221;|||&#8221; animation_style=&#8221;zoom&#8221; animation_intensity_zoom=&#8221;4%&#8221; global_colors_info=&#8221;{}&#8221;][et_pb_row _builder_version=&#8221;4.16&#8243; background_size=&#8221;initial&#8221; background_position=&#8221;top_left&#8221; background_repeat=&#8221;repeat&#8221; custom_padding=&#8221;|||&#8221; animation_style=&#8221;slide&#8221; animation_direction=&#8221;top&#8221; animation_intensity_slide=&#8221;3%&#8221; global_colors_info=&#8221;{}&#8221;][et_pb_column type=&#8221;4_4&#8243; _builder_version=&#8221;4.16&#8243; custom_padding=&#8221;|||&#8221; global_colors_info=&#8221;{}&#8221; custom_padding__hover=&#8221;|||&#8221;][et_pb_text _builder_version=&#8221;4.16&#8243; text_font=&#8221;||||||||&#8221; header_font=&#8221;Montserrat|700||on|||||dotted&#8221; header_text_color=&#8221;#353740&#8243; header_line_height=&#8221;1.3em&#8221; background_size=&#8221;initial&#8221; background_position=&#8221;top_left&#8221; background_repeat=&#8221;repeat&#8221; min_height=&#8221;140.2px&#8221; custom_margin=&#8221;|||&#8221; animation_style=&#8221;fade&#8221; header_font_size_last_edited=&#8221;off|desktop&#8221; locked=&#8221;off&#8221; inline_fonts=&#8221;Actor&#8221; global_colors_info=&#8221;{}&#8221;]<\/p>\n<h1>REKrY: LUKUVERKOSTON koordinaattori * 2<\/h1>\n<h1><span style=\"font-size: xx-large; font-weight: normal;\"><b>etsimme sinua, <span style=\"color: #e09900;\">tulevaisuuden tekij\u00e4<\/span><\/b><\/span><span style=\"font-size: xx-large; font-weight: normal;\"><b><\/b><\/span><\/h1>\n<p><span style=\"font-size: xx-large; font-weight: normal;\"><b><\/b><\/span><\/p>\n<p>[\/et_pb_text][\/et_pb_column][\/et_pb_row][\/et_pb_section][et_pb_section fb_built=&#8221;1&#8243; admin_label=&#8221;Projects Section&#8221; _builder_version=&#8221;4.16&#8243; min_height=&#8221;959px&#8221; custom_margin=&#8221;|||&#8221; custom_padding=&#8221;0px||0px|||&#8221; global_colors_info=&#8221;{}&#8221;][et_pb_row column_structure=&#8221;1_2,1_2&#8243; admin_label=&#8221;Project 02&#8243; _builder_version=&#8221;4.16&#8243; background_size=&#8221;initial&#8221; background_position=&#8221;top_left&#8221; background_repeat=&#8221;repeat&#8221; min_height=&#8221;1111px&#8221; custom_margin=&#8221;50px|||&#8221; custom_padding=&#8221;0px||30px|||&#8221; global_colors_info=&#8221;{}&#8221;][et_pb_column type=&#8221;1_2&#8243; _builder_version=&#8221;4.16&#8243; custom_padding=&#8221;180px||||false|false&#8221; global_colors_info=&#8221;{}&#8221; custom_padding__hover=&#8221;|||&#8221;][et_pb_image src=&#8221;https:\/\/lukuverkosto.fi\/home\/wp-content\/uploads\/2023\/05\/priscilla-du-preez-nF8xhLMmg0c-unsplash-scaled.jpg&#8221; title_text=&#8221;priscilla-du-preez-nF8xhLMmg0c-unsplash&#8221; _builder_version=&#8221;4.21.0&#8243; _module_preset=&#8221;default&#8221; global_colors_info=&#8221;{}&#8221;][\/et_pb_image][\/et_pb_column][et_pb_column type=&#8221;1_2&#8243; _builder_version=&#8221;4.16&#8243; custom_padding=&#8221;5%||5%|&#8221; global_colors_info=&#8221;{}&#8221; custom_padding__hover=&#8221;|||&#8221;][et_pb_text admin_label=&#8221;Number&#8221; _builder_version=&#8221;4.17.3&#8243; text_font=&#8221;Montserrat|on|||&#8221; text_text_color=&#8221;#fcd21d&#8221; text_font_size=&#8221;80px&#8221; text_line_height=&#8221;1em&#8221; background_size=&#8221;initial&#8221; background_position=&#8221;top_left&#8221; background_repeat=&#8221;repeat&#8221; width=&#8221;100%&#8221; custom_padding=&#8221;|0px||||&#8221; animation_style=&#8221;slide&#8221; animation_direction=&#8221;bottom&#8221; animation_intensity_slide=&#8221;20%&#8221; global_colors_info=&#8221;{}&#8221;]<\/p>\n<p><span style=\"color: #000000; font-size: xx-large;\">Ty\u00f6paikkailmoitus<\/span><\/p>\n<p>[\/et_pb_text][et_pb_cta button_url=&#8221;https:\/\/meet.google.com\/kgb-mccq-ukk&#8221; url_new_window=&#8221;on&#8221; _builder_version=&#8221;4.21.0&#8243; header_font=&#8221;Montserrat|700|||||||&#8221; header_text_color=&#8221;#353740&#8243; header_line_height=&#8221;1.5em&#8221; body_font=&#8221;Montserrat||||||||&#8221; body_text_color=&#8221;#747d88&#8243; body_line_height=&#8221;1.8em&#8221; use_background_color=&#8221;off&#8221; background_size=&#8221;initial&#8221; background_position=&#8221;top_left&#8221; background_repeat=&#8221;repeat&#8221; custom_button=&#8221;on&#8221; button_text_color=&#8221;#747d88&#8243; button_border_width=&#8221;4px&#8221; button_border_color=&#8221;#747d88&#8243; button_border_radius=&#8221;100px&#8221; button_letter_spacing=&#8221;2px&#8221; button_font=&#8221;Montserrat|700||on|||||&#8221; button_icon=&#8221;&#x45;||divi||400&#8243; button_icon_color=&#8221;#747d88&#8243; text_orientation=&#8221;left&#8221; background_layout=&#8221;light&#8221; animation_style=&#8221;slide&#8221; animation_direction=&#8221;top&#8221; animation_intensity_slide=&#8221;6%&#8221; button_bg_color_hover=&#8221;rgba(0,0,0,0)&#8221; locked=&#8221;off&#8221; global_colors_info=&#8221;{}&#8221; button_text_size__hover_enabled=&#8221;off&#8221; button_one_text_size__hover_enabled=&#8221;off&#8221; button_two_text_size__hover_enabled=&#8221;off&#8221; button_text_color__hover_enabled=&#8221;off&#8221; button_one_text_color__hover_enabled=&#8221;off&#8221; button_two_text_color__hover_enabled=&#8221;off&#8221; button_border_width__hover_enabled=&#8221;off&#8221; button_one_border_width__hover_enabled=&#8221;off&#8221; button_two_border_width__hover_enabled=&#8221;off&#8221; button_border_color__hover_enabled=&#8221;off&#8221; button_one_border_color__hover_enabled=&#8221;off&#8221; button_two_border_color__hover_enabled=&#8221;off&#8221; button_border_radius__hover_enabled=&#8221;off&#8221; button_one_border_radius__hover_enabled=&#8221;off&#8221; button_two_border_radius__hover_enabled=&#8221;off&#8221; button_letter_spacing__hover_enabled=&#8221;off&#8221; button_one_letter_spacing__hover_enabled=&#8221;off&#8221; button_two_letter_spacing__hover_enabled=&#8221;off&#8221; button_bg_color__hover_enabled=&#8221;on&#8221; button_bg_color__hover=&#8221;rgba(0,0,0,0)&#8221; button_one_bg_color__hover_enabled=&#8221;off&#8221; button_two_bg_color__hover_enabled=&#8221;off&#8221;]<\/p>\n<p><b>Ty\u00f6nantaja: L\u00e4nsi-uudenmaan lukioiden verkoston j\u00e4senoppilaitokset<\/b><\/p>\n<p><span style=\"color: #747c87;\"><strong>Kelpoisuusvaatimus<\/strong>:<\/span> <strong>LUKU-verkoston opettaja, jolla pysyy langat k\u00e4siss\u00e4<\/strong><b><\/b><b><\/b><\/p>\n<p><b>Ty\u00f6suhteen alkaa: 1.8.2023<\/b><\/p>\n<p><b>Palkka: 3.15 vuosiviikkotuntia<\/b><\/p>\n<div class=\"QsDR1c\">\n<div class=\"wDYxhc\" data-attrid=\"kc:\/location\/location:address\" data-md=\"1002\" lang=\"fi-FI\" data-hveid=\"CEgQAA\" data-ved=\"2ahUKEwj36fTU_Ov6AhXwlosKHYCVAfMQkCl6BAhIEAA\">\n<div class=\"Z1hOCe\">\n<div class=\"zloOqf PZPZlf\" data-dtype=\"d3ifr\" data-local-attribute=\"d3adr\" data-ved=\"2ahUKEwj36fTU_Ov6AhXwlosKHYCVAfMQghwoAHoECEgQAQ\">\n<div class=\"GnGVVe\"><\/div>\n<div jscontroller=\"sc5wWb\" class=\"GDRHkb\" data-at=\"5\" data-uid=\"1\" jsaction=\"rcuQ6b:npT2md\"><\/div>\n<div jscontroller=\"sc5wWb\" class=\"GDRHkb\" data-at=\"2\" data-uid=\"1\" jsaction=\"rcuQ6b:npT2md\"><\/div>\n<\/div>\n<\/div>\n<\/div>\n<\/div>\n<div>\n<div class=\"wDYxhc\" data-attrid=\"kc:\/location\/location:hours\" data-md=\"1005\" lang=\"fi-FI\" data-hveid=\"CEUQAA\" data-ved=\"2ahUKEwj36fTU_Ov6AhXwlosKHYCVAfMQkCl6BAhFEAA\"><\/div>\n<\/div>\n<p>&nbsp;<\/p>\n<p><span style=\"text-decoration: underline;\"><span style=\"color: #000000; font-size: xx-large;\"><strong>Toimenkuva<\/strong><\/span><\/span><\/p>\n<ul>\n<li aria-level=\"1\"><b>Lyhyesti: LUKU-verkoston toiminnan suunnittelu, organisointi ja tiedottaminen<\/b><\/li>\n<li style=\"font-weight: 400;\" aria-level=\"1\"><span style=\"font-weight: 400;\">Joryn kokouksista tiedottaminen, asialistojen ker\u00e4\u00e4minen ja kutsujen l\u00e4hett\u00e4minen, sihteerin\u00e4 toimiminen ja tiedotus (muistiot rekseille ja arkistoon Moodle\/Google workspace)<\/span><\/li>\n<li style=\"font-weight: 400;\" aria-level=\"1\"><span style=\"font-weight: 400;\">Vuosiseminaarin organisointi (sis\u00e4ll\u00f6t, vuosikertomus, tiedotus)<\/span><\/li>\n<li style=\"font-weight: 400;\" aria-level=\"1\"><span style=\"font-weight: 400;\">Verkoston koulutuskalenterin suunnittelu ja k\u00e4yt\u00e4nn\u00f6n toimet (mm. koulutusmateriaalien laatiminen ja p\u00e4ivitys) yhdess\u00e4 rehtoreiden ja tutoreiden kanssa<\/span><\/li>\n<li style=\"font-weight: 400;\" aria-level=\"1\"><span style=\"font-weight: 400;\">Tutoreiden kouluttaminen, tapaaminen, suunnitteluty\u00f6, tiedotus, tutorkokousten organisointi<\/span><\/li>\n<li style=\"font-weight: 400;\" aria-level=\"1\"><span style=\"font-weight: 400;\">Koulutusten, esim. Ideap\u00e4ivien toteuttaminen, yhteydet kouluttajiin, tarjouspyynn\u00f6t ja mahdolliset koulutusteht\u00e4v\u00e4t (eri palkkiolla sop.mukaan, verkkopaja-tyyppiset koulutukset 75e tunti, Ideap\u00e4ivien kouluttajille maksetaan 90 e\/h + KVTESin mukaiset matkakorvaukset)<\/span><\/li>\n<li style=\"font-weight: 400;\" aria-level=\"1\"><span style=\"font-weight: 400;\">Verkkopajojen tilastointi ja hallinnointi: Kouluttajien palkkojen ilmoittaminen palkanlaskentaan tai yritt\u00e4j\u00e4lle annetaan laskutusosoite, ja lasku ostoreskontraan (sopimus satunnaisesta ty\u00f6st\u00e4 -lomake l\u00e4hetet\u00e4\u00e4n palkanlaskentaan tai toiminimen omaavalla TyEl-tunnus laskun mukana)\u00a0<\/span><\/li>\n<li style=\"font-weight: 400;\" aria-level=\"1\"><span style=\"font-weight: 400;\">Toiminnan kustannusten ja osallistujien tilastointi sek\u00e4 laskutuksen hoito lukuvuoden lopussa (rehtoreille l\u00e4hetet\u00e4\u00e4n yhteenveto laskutuksesta ja LUKU-verkoston kuntiin l\u00e4hetet\u00e4\u00e4n laskutuspyynn\u00f6t seuraavista: koordinointipalkkiot, moodlen k\u00e4ytt\u00f6, koulutukset)<\/span><\/li>\n<li style=\"font-weight: 400;\" aria-level=\"1\"><span style=\"font-weight: 400;\">LUKU-Moodlen p\u00e4\u00e4k\u00e4ytt\u00e4j\u00e4n teht\u00e4v\u00e4t (sis\u00e4lt\u00f6jen siivous, p\u00e4ivitysty\u00f6, k\u00e4ytt\u00e4j\u00e4m\u00e4\u00e4rien seuranta ja Mediamaistereiden laskujen tarkistus, Moodleen liittyv\u00e4 laskutus osana LUKU-verkoston laskutusta ja yhteydenpito Mediamaisteriin)<\/span><\/li>\n<li style=\"font-weight: 400;\" aria-level=\"1\"><span style=\"font-weight: 400;\">Verkoston yhteisen kurssitarjonnan ker\u00e4\u00e4minen ja tiedotusty\u00f6\u00a0<\/span><\/li>\n<li style=\"font-weight: 400;\" aria-level=\"1\">Kotisivujen yll\u00e4pito<span style=\"font-weight: 400;\"><\/span><\/li>\n<\/ul>\n<p><span style=\"font-weight: 400;\">Lis\u00e4tiedot &amp; yhteydenotot\u00a0<\/span><\/p>\n<p><span style=\"font-weight: 400;\">LUKU-verkoston koordinaattorit <\/span><span style=\"font-weight: 400;\"><br \/><\/span><span style=\"font-weight: 400;\">Misha Lindvall, p. 044 369 1469 ja <\/span><span style=\"font-weight: 400;\"><br \/><\/span><span style=\"font-weight: 400;\">Micaela Morero, p. 040 167 8558<\/span><\/p>\n<p>&nbsp;<\/p>\n<p>[\/et_pb_cta][\/et_pb_column][\/et_pb_row][\/et_pb_section]<\/p>\n","protected":false},"excerpt":{"rendered":"<p>REKrY: LUKUVERKOSTON koordinaattori * 2 etsimme sinua, tulevaisuuden tekij\u00e4 Ty\u00f6paikkailmoitusTy\u00f6nantaja: L\u00e4nsi-uudenmaan lukioiden verkoston j\u00e4senoppilaitokset Kelpoisuusvaatimus: LUKU-verkoston opettaja, jolla pysyy langat k\u00e4siss\u00e4 Ty\u00f6suhteen alkaa: 1.8.2023 Palkka: 3.15 vuosiviikkotuntia &nbsp; Toimenkuva Lyhyesti: LUKU-verkoston toiminnan suunnittelu, organisointi ja tiedottaminen Joryn kokouksista tiedottaminen, asialistojen ker\u00e4\u00e4minen ja kutsujen l\u00e4hett\u00e4minen, sihteerin\u00e4 toimiminen ja tiedotus (muistiot rekseille ja arkistoon Moodle\/Google workspace) Vuosiseminaarin [&hellip;]<\/p>\n","protected":false},"author":1,"featured_media":0,"parent":0,"menu_order":0,"comment_status":"closed","ping_status":"closed","template":"","meta":{"_et_pb_use_builder":"on","_et_pb_old_content":"","_et_gb_content_width":"","footnotes":""},"jetpack_sharing_enabled":true,"jetpack_shortlink":"https:\/\/wp.me\/PbOzcb-wDy","_links":{"self":[{"href":"https:\/\/lukuverkosto.fi\/home\/wp-json\/wp\/v2\/pages\/125460"}],"collection":[{"href":"https:\/\/lukuverkosto.fi\/home\/wp-json\/wp\/v2\/pages"}],"about":[{"href":"https:\/\/lukuverkosto.fi\/home\/wp-json\/wp\/v2\/types\/page"}],"author":[{"embeddable":true,"href":"https:\/\/lukuverkosto.fi\/home\/wp-json\/wp\/v2\/users\/1"}],"replies":[{"embeddable":true,"href":"https:\/\/lukuverkosto.fi\/home\/wp-json\/wp\/v2\/comments?post=125460"}],"version-history":[{"count":6,"href":"https:\/\/lukuverkosto.fi\/home\/wp-json\/wp\/v2\/pages\/125460\/revisions"}],"predecessor-version":[{"id":125473,"href":"https:\/\/lukuverkosto.fi\/home\/wp-json\/wp\/v2\/pages\/125460\/revisions\/125473"}],"wp:attachment":[{"href":"https:\/\/lukuverkosto.fi\/home\/wp-json\/wp\/v2\/media?parent=125460"}],"curies":[{"name":"wp","href":"https:\/\/api.w.org\/{rel}","templated":true}]}}