{"id":124995,"date":"2021-10-06T10:11:58","date_gmt":"2021-10-06T10:11:58","guid":{"rendered":"https:\/\/lukuverkosto.fi\/home\/?page_id=124995"},"modified":"2025-03-05T13:08:27","modified_gmt":"2025-03-05T13:08:27","slug":"ideapaiva","status":"publish","type":"page","link":"https:\/\/lukuverkosto.fi\/home\/ideapaiva\/","title":{"rendered":"Ideap\u00e4iv\u00e4"},"content":{"rendered":"<p>[et_pb_section fb_built=&#8221;1&#8243; admin_label=&#8221;Hero&#8221; _builder_version=&#8221;4.16&#8243; background_image=&#8221;https:\/\/lukuverkosto.fi\/home\/wp-content\/uploads\/2020\/04\/circle-background-pattern.png&#8221; min_height=&#8221;297px&#8221; custom_margin=&#8221;||-185px|||&#8221; custom_padding=&#8221;|||&#8221; animation_style=&#8221;zoom&#8221; animation_intensity_zoom=&#8221;4%&#8221; global_colors_info=&#8221;{}&#8221;][et_pb_row column_structure=&#8221;1_2,1_2&#8243; _builder_version=&#8221;4.19.5&#8243; background_size=&#8221;initial&#8221; background_position=&#8221;top_left&#8221; background_repeat=&#8221;repeat&#8221; custom_padding=&#8221;|||&#8221; animation_style=&#8221;slide&#8221; animation_direction=&#8221;top&#8221; animation_intensity_slide=&#8221;3%&#8221; global_colors_info=&#8221;{}&#8221;][et_pb_column type=&#8221;1_2&#8243; _builder_version=&#8221;4.24.3&#8243; _module_preset=&#8221;default&#8221; global_colors_info=&#8221;{}&#8221;][\/et_pb_column][et_pb_column type=&#8221;1_2&#8243; _builder_version=&#8221;4.16&#8243; custom_padding=&#8221;|||&#8221; global_colors_info=&#8221;{}&#8221; custom_padding__hover=&#8221;|||&#8221;][et_pb_text _builder_version=&#8221;4.16&#8243; text_font=&#8221;||||||||&#8221; header_font=&#8221;Montserrat|700||on|||||dotted&#8221; header_text_color=&#8221;#353740&#8243; header_line_height=&#8221;1.3em&#8221; background_size=&#8221;initial&#8221; background_position=&#8221;top_left&#8221; background_repeat=&#8221;repeat&#8221; min_height=&#8221;19.2px&#8221; custom_margin=&#8221;|||&#8221; custom_padding=&#8221;||0px|||&#8221; animation_style=&#8221;fade&#8221; header_font_size_last_edited=&#8221;off|desktop&#8221; locked=&#8221;off&#8221; inline_fonts=&#8221;Actor&#8221; global_colors_info=&#8221;{}&#8221;]<\/p>\n<h1><span style=\"color: #e09900;\">IDEAP\u00c4IV\u00c4 Kev\u00e4\u00e4ll\u00e4 2025<\/span>\u00a0<\/h1>\n<h1><strong><span style=\"font-size: xx-large;\">Puhujat:<\/span><\/strong><strong><span style=\"font-size: xx-large;\"><\/span><\/strong><\/h1>\n<h1><span style=\"font-size: xx-large; font-weight: normal;\"><b><\/b><\/span><\/h1>\n<h1><span style=\"font-size: xx-large; font-weight: normal;\"><b>Avaus: veli-jukka rousu\u00a0\u00a0<\/b><\/span><\/h1>\n<h1><span style=\"font-size: xx-large; font-weight: normal;\"><b><span class=\"fontstyle0\">Luento: Ilse Klockars:<\/span><\/b><\/span><\/h1>\n<h2><span style=\"font-size: xx-large;\"><span style=\"color: #000000;\"><span style=\"font-family: Aptos, Aptos EmbeddedFont, Aptos MSFontService, Calibri, Helvetica, sans-serif;\">Tiede kuuluu kaikille &#8211; tutkimusta ja tiedekasvatusta Helsingin yliopiston Tv\u00e4rminnen el\u00e4intieteellisell\u00e4 tutkimusasemalla.<\/span><\/span><\/span><\/h2>\n<h1><span style=\"font-size: xx-large; font-weight: normal;\"><b><span class=\"fontstyle0\">luento: saara kankaanrinta ja ilkka herlin:<\/span><\/b><\/span><\/h1>\n<p><span style=\"font-size: xx-large;\"><span style=\"color: #000000;\"><span style=\"font-family: Aptos, Aptos EmbeddedFont, Aptos MSFontService, Calibri, Helvetica, sans-serif;\">It\u00e4meri, ilmasto, biodiversiteetti ja niiden yhteiset ratkaisut.<\/span><\/span><\/span><\/p>\n<p>&nbsp;<\/p>\n<h1><span style=\"font-size: xx-large; font-weight: normal;\"><b><br \/><\/b><\/span><span style=\"font-size: xx-large; font-weight: normal;\"><b><\/b><\/span><\/h1>\n<p><span style=\"font-size: xx-large; font-weight: normal;\"><b><\/b><\/span><\/p>\n<p><span style=\"font-size: xx-large; font-weight: normal;\"><b><\/b><\/span><\/p>\n<p>[\/et_pb_text][\/et_pb_column][\/et_pb_row][\/et_pb_section][et_pb_section fb_built=&#8221;1&#8243; admin_label=&#8221;Projects Section&#8221; _builder_version=&#8221;4.16&#8243; min_height=&#8221;959px&#8221; custom_margin=&#8221;-137px|||||&#8221; custom_padding=&#8221;0px||0px|||&#8221; global_colors_info=&#8221;{}&#8221;][et_pb_row admin_label=&#8221;Project 02&#8243; _builder_version=&#8221;4.16&#8243; background_size=&#8221;initial&#8221; background_position=&#8221;top_left&#8221; background_repeat=&#8221;repeat&#8221; min_height=&#8221;896px&#8221; custom_margin=&#8221;50px|||&#8221; custom_padding=&#8221;0px||0px|||&#8221; global_colors_info=&#8221;{}&#8221;][et_pb_column type=&#8221;4_4&#8243; _builder_version=&#8221;4.16&#8243; custom_padding=&#8221;180px||||false|false&#8221; global_colors_info=&#8221;{}&#8221; custom_padding__hover=&#8221;|||&#8221;][et_pb_text admin_label=&#8221;Number&#8221; _builder_version=&#8221;4.17.3&#8243; text_font=&#8221;Montserrat|on|||&#8221; text_text_color=&#8221;#fcd21d&#8221; text_font_size=&#8221;80px&#8221; text_line_height=&#8221;1em&#8221; background_size=&#8221;initial&#8221; background_position=&#8221;top_left&#8221; background_repeat=&#8221;repeat&#8221; width=&#8221;100%&#8221; custom_padding=&#8221;|0px||||&#8221; animation_style=&#8221;slide&#8221; animation_direction=&#8221;bottom&#8221; animation_intensity_slide=&#8221;20%&#8221; global_colors_info=&#8221;{}&#8221;]<\/p>\n<p>Ideap\u00e4iv\u00e4n ohjelma<\/p>\n<p>[\/et_pb_text][et_pb_cta title=&#8221;to 24.4. klo 10-15.05&#8243; url_new_window=&#8221;on&#8221; button_text=&#8221;Eeva Kolttolan alustus (meet-linkki)&#8221; _builder_version=&#8221;4.18.0&#8243; header_font=&#8221;Montserrat|700|||||||&#8221; header_text_color=&#8221;#353740&#8243; header_line_height=&#8221;1.5em&#8221; body_font=&#8221;Montserrat||||||||&#8221; body_text_color=&#8221;#747d88&#8243; body_line_height=&#8221;1.8em&#8221; use_background_color=&#8221;off&#8221; background_size=&#8221;initial&#8221; background_position=&#8221;top_left&#8221; background_repeat=&#8221;repeat&#8221; custom_button=&#8221;on&#8221; button_text_color=&#8221;#747d88&#8243; button_border_width=&#8221;4px&#8221; button_border_color=&#8221;#747d88&#8243; button_border_radius=&#8221;100px&#8221; button_letter_spacing=&#8221;2px&#8221; button_font=&#8221;Montserrat|700||on|||||&#8221; button_icon=&#8221;&#x45;||divi||400&#8243; button_icon_color=&#8221;#747d88&#8243; text_orientation=&#8221;left&#8221; background_layout=&#8221;light&#8221; animation_style=&#8221;slide&#8221; animation_direction=&#8221;top&#8221; animation_intensity_slide=&#8221;6%&#8221; button_bg_color_hover=&#8221;rgba(0,0,0,0)&#8221; locked=&#8221;off&#8221; global_colors_info=&#8221;{}&#8221; button_text_size__hover_enabled=&#8221;off&#8221; button_one_text_size__hover_enabled=&#8221;off&#8221; button_two_text_size__hover_enabled=&#8221;off&#8221; button_text_color__hover_enabled=&#8221;off&#8221; button_one_text_color__hover_enabled=&#8221;off&#8221; button_two_text_color__hover_enabled=&#8221;off&#8221; button_border_width__hover_enabled=&#8221;off&#8221; button_one_border_width__hover_enabled=&#8221;off&#8221; button_two_border_width__hover_enabled=&#8221;off&#8221; button_border_color__hover_enabled=&#8221;off&#8221; button_one_border_color__hover_enabled=&#8221;off&#8221; button_two_border_color__hover_enabled=&#8221;off&#8221; button_border_radius__hover_enabled=&#8221;off&#8221; button_one_border_radius__hover_enabled=&#8221;off&#8221; button_two_border_radius__hover_enabled=&#8221;off&#8221; button_letter_spacing__hover_enabled=&#8221;off&#8221; button_one_letter_spacing__hover_enabled=&#8221;off&#8221; button_two_letter_spacing__hover_enabled=&#8221;off&#8221; button_bg_color__hover_enabled=&#8221;on&#8221; button_bg_color__hover=&#8221;rgba(0,0,0,0)&#8221; button_one_bg_color__hover_enabled=&#8221;off&#8221; button_two_bg_color__hover_enabled=&#8221;off&#8221;]<\/p>\n<div class=\"QsDR1c\"><\/div>\n<div><\/div>\n<p>\u00a0<span style=\"text-decoration: underline;\"><span style=\"color: #000000; font-size: xx-large;\"><strong>Teemana It\u00e4meri<\/strong><\/span><\/span><\/p>\n<p><span style=\"color: #000000;\"><strong>Ohjelma<\/strong><\/span><br aria-hidden=\"true\" \/><br aria-hidden=\"true\" \/><strong><span style=\"color: #000000;\">Klo 10-10.25<\/span><\/strong>\u00a0<span style=\"color: #000000;\">Aamupala<\/span><\/p>\n<div><\/div>\n<div><span style=\"color: #000000;\"><strong>Klo 10.25-10.30<\/strong> Avaus: Veli-Jukka Rousu<\/span><\/div>\n<div><span style=\"color: #000000;\"><strong>Klo 10.30-11.30<\/strong> Luento: Ilse Klockars: Tiede kuuluu kaikille &#8211; tutkimusta ja tiedekasvatusta Helsingin yliopiston Tv\u00e4rminnen\u00a0 el\u00e4intieteellisell\u00e4 tutkimusasemalla.<\/span><br aria-hidden=\"true\" \/><strong><span style=\"color: #000000;\">Klo\u00a0 11.45-12.45 <\/span><\/strong><span style=\"color: #000000;\">Luento: Saara Kankaanrinta ja Ilkka Herlin: It\u00e4meri, ilmasto, biodiversiteetti ja niiden yhteiset ratkaisut.<\/span><span style=\"font-weight: 400;\">\u00a0<\/span><br aria-hidden=\"true\" \/><strong><span style=\"color: #000000;\">Klo 13-14\u00a0 <\/span><\/strong><span style=\"color: #000000;\">\u00a0Siirtymine voimakasiiniin k\u00e4vellen (n. 20-30 min, 2 km) tai kulkuneuvoilla, jos on kovin huono s\u00e4\u00e4. Voimakasiinin edustalla voi tarkkailla merta ja vesilinnustoa,kiikarit mukaan. <\/span><\/div>\n<div><span style=\"color: #000000;\"><strong>Klo 14-14.30 <\/strong>Lounas, lounastetaan aineryhmitt\u00e4in. <\/span><\/div>\n<div><span style=\"color: #000000;\"><strong>Klo 14.30-15 <\/strong>Keskustelua p\u00e4iv\u00e4n teemoista. Keskustelu aineryhmitt\u00e4in samoissa p\u00f6ydiss\u00e4, kuin lounastettiin. <\/span><\/div>\n<div><span style=\"color: #000000;\"><strong>Klo 15-15.05<\/strong> Loppusanat:\u00a0<\/span><\/div>\n<div><span style=\"color: #000000;\"><\/span><\/div>\n<div><span style=\"color: #000000;\"><\/span><\/div>\n<div><span style=\"color: #000000;\"><\/span><\/div>\n<div><span style=\"color: #000000;\"><\/span><\/div>\n<div><span style=\"color: #000000;\"><\/span><\/div>\n<p><span style=\"font-weight: 400;\"><\/span><\/p>\n<p>[\/et_pb_cta][\/et_pb_column][\/et_pb_row][\/et_pb_section]<\/p>\n","protected":false},"excerpt":{"rendered":"<p>IDEAP\u00c4IV\u00c4 Kev\u00e4\u00e4ll\u00e4 2025\u00a0 Puhujat: Avaus: veli-jukka rousu\u00a0\u00a0 Luento: Ilse Klockars: Tiede kuuluu kaikille &#8211; tutkimusta ja tiedekasvatusta Helsingin yliopiston Tv\u00e4rminnen el\u00e4intieteellisell\u00e4 tutkimusasemalla. luento: saara kankaanrinta ja ilkka herlin: It\u00e4meri, ilmasto, biodiversiteetti ja niiden yhteiset ratkaisut. &nbsp; Ideap\u00e4iv\u00e4n ohjelma \u00a0Teemana It\u00e4meri OhjelmaKlo 10-10.25\u00a0Aamupala Klo 10.25-10.30 Avaus: Veli-Jukka Rousu Klo 10.30-11.30 Luento: Ilse Klockars: Tiede kuuluu kaikille [&hellip;]<\/p>\n","protected":false},"author":1,"featured_media":0,"parent":0,"menu_order":0,"comment_status":"closed","ping_status":"closed","template":"","meta":{"_et_pb_use_builder":"on","_et_pb_old_content":"","_et_gb_content_width":"","footnotes":""},"jetpack_sharing_enabled":true,"jetpack_shortlink":"https:\/\/wp.me\/PbOzcb-ww3","_links":{"self":[{"href":"https:\/\/lukuverkosto.fi\/home\/wp-json\/wp\/v2\/pages\/124995"}],"collection":[{"href":"https:\/\/lukuverkosto.fi\/home\/wp-json\/wp\/v2\/pages"}],"about":[{"href":"https:\/\/lukuverkosto.fi\/home\/wp-json\/wp\/v2\/types\/page"}],"author":[{"embeddable":true,"href":"https:\/\/lukuverkosto.fi\/home\/wp-json\/wp\/v2\/users\/1"}],"replies":[{"embeddable":true,"href":"https:\/\/lukuverkosto.fi\/home\/wp-json\/wp\/v2\/comments?post=124995"}],"version-history":[{"count":80,"href":"https:\/\/lukuverkosto.fi\/home\/wp-json\/wp\/v2\/pages\/124995\/revisions"}],"predecessor-version":[{"id":125604,"href":"https:\/\/lukuverkosto.fi\/home\/wp-json\/wp\/v2\/pages\/124995\/revisions\/125604"}],"wp:attachment":[{"href":"https:\/\/lukuverkosto.fi\/home\/wp-json\/wp\/v2\/media?parent=124995"}],"curies":[{"name":"wp","href":"https:\/\/api.w.org\/{rel}","templated":true}]}}